
46
Let f be (-3 - (-20)/16)/((-1)/(-4)). Let m be f/(126/(-4)) + (-32)/(-18). Let g(o) = 3*o**m + 11 + 2*o + 6*o**3 - 5*o**3 - 8. Determine g(-3).
-3
Let n be (10*-1)/(16/(-24)*3). Suppose -2*i + 0 + 4 = -z, 16 = -4*z + n*i. Let f(q) = -3*q + 1. Calculate f(z).
13
Suppose 113*o = 103*o + 80. Let g(x) = 6*x - 2. Calculate g(o).
46
Let d(m) = -157*m - 39. Let g be d(-2). Let o = g - 277. Let c(r) = -3*r**3 + 2. Calculate c(o).
26
Let p(q) be the third derivative of 7*q**4/24 - 2*q**2 + 11887*q. Suppose -3*z + 1 = -2. What is p(z)?
7
Let j(a) be the first derivative of -127 - 3/2*a**2 - 5*a. Let f = 9 - 15. Determine j(f).
13
Let n(r) = 18*r**2 + 11*r + 33. Let t(m) = -7*m**2 - 4*m - 12. Let k(s) = -3*n(s) - 8*t(s). Give k(2).
3
Let w(d) = -6*d**2. Suppose 2648 = -24*m - 3616. Let s = m + 262. Calculate w(s).
-6
Let g(o) = o**2 + 2*o - 2. Let s = 105 - 106. Let u(v) = v**3 + 7*v**2 + 6*v + 3. Let b(r) = s*u(r) + g(r). What is b(-6)?
19
Let d = 6 - 19. Let p(q) = 11*q**2 - 2*q - 12. Let g(c) = -9*c**2 + 4*c + 12. Let o(j) = 6*g(j) + 5*p(j). Give o(d).
-1
Let j(g) = -g**3 + 5*g**2 + 5*g + 5. Let r be ((-24)/32 + 7)*4. Let d = 10 - -21. Let n = d - r. What is j(n)?
-1
Let i(n) = -2*n**3 + 67*n**2 - 23. Let o(l) = 3*l**3 - 85*l**2 - l + 22. Let y(w) = 4*i(w) + 3*o(w). What is y(-13)?
13
Let f(g) be the third derivative of -g**5/60 - g**4/24 + 17*g**3/2 - 2*g**2 - 272*g. Give f(0).
51
Let l(n) = 53*n**3 + 6*n**2 - 77 - 7*n - 52*n**3 + 92. Calculate l(-8).
-57
Suppose -3*u + 3*i + 12 = 0, u - 11*i + 14 = -13*i. Let v(j) = j**2 - j - 3. Determine v(u).
3
Let t(m) = -m**3 + m**2 + 4*m + 2. Let o(s) = s**3 - 5*s**2 - 9*s - 31. Let r be o(7). What is t(r)?
-30
Let v(n) = -n**3 + 1. Let r(z) = 181 + 174 - 349 - 4*z. Let a be r(2). Give v(a).
9
Let w be ((-6)/(-2) + -5)/(8/52). Let y(u) = -u**3 - 14*u**2 - 15*u - 6. Calculate y(w).
20
Let u be -6 - 18*(-6)/12. Let b(k) = 3*k - 33 + 37 - u*k - k. Determine b(3).
1
Let i(z) be the third derivative of z**4/6 - 4*z**3/3 - 46*z**2 + 10*z. Give i(6).
16
Suppose 33 = -2*r - 21. Let t be (2/(-2))/(r/(-243)). Let u(v) be the second derivative of v**4/12 + 3*v**3/2 - v**2/2 - 15*v. What is u(t)?
-1
Suppose 0 = 24*p - 191 + 47. Let u(f) = -f - 1. Give u(p).
-7
Let r(o) = -o**3 - o**2 + 5. Let j be (-714)/175 + ((-4)/(-50) - 0) - 0. Give r(j).
53
Suppose 2*j - 23 = -q - 10, 3*q + 16 = 5*j. Let r(f) = -q - f + 2 + 9. Let h = 2416 - 2416. Determine r(h).
8
Suppose -58*g + 2629 = 2745. Let l(t) = t**3 + 4*t**2 - 6*t - 3. Let w be l(-5). Let z(n) = -n**3 + 0*n**3 + 1 - n**w - 3 + n. Calculate z(g).
0
Let n(r) be the second derivative of -r**4/12 - 8*r**3/3 + 27*r**2 + 247*r. What is n(3)?
-3
Let w(j) = -8*j + 6 - 19*j + 1 - 5 + 5*j. Give w(-2).
46
Let s(f) = 35*f**3 + 37*f**3 - 73*f**3 + 2 + 28*f + f**2 + 11*f**2 + 15*f**2. Give s(28).
2
Let f(a) = 5*a**2 - 1315*a**3 + 4*a + 653*a**3 - 3*a**2 - 5 + 650*a**3. Determine f(1).
-11
Let k = -28 + 27. Let t be 4 + 1 + -3 - 1. Let p(s) = 14*s - 13*s - 10*s + t. What is p(k)?
10
Let z(h) = h**2 + 40*h + 7. Let g(w) = -5*w**2 + 624*w + 1877. Let p be g(-3). Calculate z(p).
7
Let b(t) = 3*t + 6. Let y(d) = 3 - 4*d - 6 - 6. Let s(j) = 8*b(j) + 5*y(j). Suppose 0 = 77*v - 25 + 20 + 236. What is s(v)?
-9
Let k(g) be the second derivative of g**3 - 45*g**2 - 10999*g. Give k(17).
12
Let l(j) = -6*j - 10. Let t be (-15)/6*1*2 - -672. Let u = t + -673. Determine l(u).
26
Let z(d) = -d**2 - 14*d + 34. Suppose -t + m - 15 = 0, -5*t = -3*m + 29 + 46. Calculate z(t).
19
Suppose -5*d = 46 - 141. Let m(a) = 0*a**3 - 45*a**2 + a**3 + 20*a**2 - a + d*a**2 - 3. Give m(6).
-9
Suppose -4*y - 1 = 2*o - 21, -3*o = -2*y + 18. Let d(x) = x**2 - y*x + 4*x + 7 - 8*x. Calculate d(8).
-9
Let l(t) = t**3 + 2*t**2 + 3*t + 1. Let z = 146 + -144. Suppose -2*x = -5*r - 0*r + 4, -x + 3*r - z = 0. Determine l(x).
-5
Let l(g) = g**2 + 10*g + 3. Let j(b) = b**2 + 11*b + 4. Let p(x) = 4*j(x) - 5*l(x). Let c(f) = f**3 + 14*f**2 + 39*f - 18. Let v be c(-10). Determine p(v).
-15
Suppose 12*u - 34 = 14. Let v(o) = 3*o - o**2 - 3 + 0*o + u*o. Suppose -2*t = d + 1, 0*t + 17 = 4*d + t. Give v(d).
7
Let u = 4978 - 4986. Let c(r) = -r**2 - 4*r + 40. What is c(u)?
8
Let n(j) = -3*j + 25. Let s(f) = f**2 + 8*f - 68. Let g(z) = 11*n(z) + 4*s(z). Determine g(1).
6
Let r(w) be the second derivative of -w**5/20 + w**4/2 - 3*w**3/2 - 2*w**2 - 16*w + 5. Calculate r(5).
-24
Let x(l) = -4*l**3 + 255*l**2 - 224*l**2 + 2 - 3*l**3 + 4 - 12*l. Give x(4).
6
Let n(p) = 6*p**3 + 17*p**2 - 31*p - 95. Let l be n(-3). Let z(x) = 16*x + 164. What is z(l)?
-12
Let o(r) be the third derivative of -r**5/60 - r**4/8 + r**3/6 - 706*r**2. Calculate o(6).
-53
Let a(x) = -x**3 + 6*x**2 - 9*x + 5. Let n = -323 - -379. Let w be (-60)/(-14) - n/196. What is a(w)?
1
Let v(t) be the first derivative of -t**4/4 + 11*t**3/3 - 9*t**2/2 - 6*t + 130. Let z(x) = 10*x + 100. Let l be z(-9). Determine v(l).
4
Let v(l) = -3 - l**2 - 3*l + 28*l**2 + 4*l + 5*l - 10*l. Determine v(-1).
28
Let w be (((-168)/16)/(-7))/(1/2). Let k(v) = -3*v**2 - v**3 - v - 27 + 28 + 3*v**3. Determine k(w).
25
Let h(n) = 5*n - 2. Let j(p) = -15 - 19*p + 37 - 12. Let x(w) = -9*h(w) - 2*j(w). Determine x(3).
-23
Let y(z) = 28. Let p(j) = -j + 84. Let w(n) = -p(n) + 4*y(n). Determine w(-23).
5
Let m(t) = -64*t - 59*t + 194*t + 60 - 68*t. What is m(28)?
144
Let h(b) = -7 - b + 4*b - 5*b + b. Suppose -96 = 2*c + 4*o, -5*o - 35 - 157 = 4*c. Let m = c + 48. Calculate h(m).
-7
Let a(q) = 4 + 107*q + 109*q - 330*q + 110*q + 2. Calculate a(8).
-26
Let a = -111 - -103. Let m(x) = -8*x + 4. Let b(u) = -11*u + 5. Let i(f) = 3*b(f) - 4*m(f). Calculate i(a).
7
Let g(k) be the third derivative of 37*k**4/24 + 265*k**3/6 + 4224*k**2 - 1. Give g(-7).
6
Let s be (2/(-3))/((-2)/(-6)). Let g = s - -1. Let x(t) = -8*t**2 + 2*t + 1. Determine x(g).
-9
Let f(l) = 2*l + 5 - 3*l - 2*l + 2*l. Suppose -4*p + 5 = 5*d, p + 2*p = 3*d - 30. Let j(b) = -5*b + 21. Let c be j(d). Determine f(c).
9
Let o(p) be the third derivative of p**4/24 - 2*p**3/3 + p**2. Let c be 0 + -10 + 6 + -35 + 35. Determine o(c).
-8
Let f be (-4 - 8)/(18 + -16). Let r(h) = -23*h + 15. Give r(f).
153
Let w(z) = -2*z**3 + z**2. Let l(u) = -33*u**3 + 13*u**2 - 1. Let x(o) = -l(o) + 14*w(o). What is x(-1)?
-3
Let r(c) = 7*c + 2. Suppose 44*g + 30 = 49*g. Let a(q) = -20*q - 6. Let u(i) = g*a(i) + 17*r(i). What is u(-10)?
8
Let g(b) = b. Suppose 0 = -44*z + 145 + 31. Let r(h) be the first derivative of h**2/2 - 5*h + 3. Let k be r(z). Determine g(k).
-1
Let j(k) = 6925*k**2 + 7 + 6 - 6924*k**2 + 9*k. Give j(-10).
23
Suppose -191*m + 1824 = -39*m. Let h(l) = -l**2 + 7*l + 55. What is h(m)?
-5
Suppose 4*x - 134 = -2*p, x + 2*p - 7*p - 6 = 0. Suppose 5*s - 7*y + 4*y = -5, 3*s - x = -5*y. Let j(f) = f - 1. Determine j(s).
1
Let x(h) = -h**3 - 41*h**2 + 39*h - 128. Let r be (-8)/116 - (-30400)/(-725). What is x(r)?
-2
Let o(z) = -z**2 + 7*z - 2. Suppose -5*t = -21*t + 224. Suppose 2*i - 4 + 14 = 4*y, -6 = -4*i - 5*y. Let c be (4/(-8))/(i/t). Calculate o(c).
-2
Suppose 155 = a + 4*g, 2*a + 2*g + g = 300. Let p(k) = 470 - k - 161 - a - 150. Calculate p(6).
6
Let o(v) = -7*v**3 + 8 + 234*v - 231*v - 3*v**2 - 12. Let k(j) = 6*j**3 + 4*j**2 - 4*j + 4. Let m(p) = -6*k(p) - 5*o(p). What is m(-10)?
6
Let v(m) = 2*m**2 - 11*m + 16. Let o be v(5). Let z(h) = h**2 - 7*h - 34. Determine z(o).
10
Let g(k) be the first derivative of 4*k**2 - 14*k + 45. Give g(1).
-6
Let k(b) = b**2 + b - 11. Suppose -h = 4*r + 11 + 30, 0 = -r - 2*h - 12. Let i = -6 - r. Give k(i).
9
Let b(k) = -k**3 + 2*k**2 + 2*k - 1. Let j(q) = q**2 - 15*q - 32. Let p be j(16). Let i be p/6*(-10 - -7). Suppose -d - i = -10. Calculate b(d).
3
Let b(i) be the third derivative of i**6/120 - i**5/12 + 7*i**4/24 - 7*i**3/6 + i**2. Let j be (2/(-2))/(4/6) + (-9958)/(-1532). Determine b(j).
28
Let n(g) = 124*g**3 + 98*g**2 - 178*g + 81. Let i(m) = 13*m**3 + 11*m**2 - 20*m + 9. Let f(y) = -19*i(y) + 2*n(y). What is f(11)?
13
Let z(f) be the second derivative of -f**2 - 1/2*f**3 - 1/12*f**4 - 1 + 79*f. Calculate z(-6).
-20
Let l be (-12)/14 - 31/(-28). Let r(z) be the first derivative of -2*z + l*z**4 + 1/2*z**2 - 10 + 5/3*z**3. Determine r(-5).
-7
Let a = -43101 + 43105. Let i(y) be the second derivative of 